{"id":346,"date":"2023-11-06T20:38:29","date_gmt":"2023-11-06T19:38:29","guid":{"rendered":"https:\/\/torneobalonmanoanaitasuna.com\/?page_id=346"},"modified":"2023-11-06T20:38:29","modified_gmt":"2023-11-06T19:38:29","slug":"aviso-legal","status":"publish","type":"page","link":"https:\/\/torneobalonmanoanaitasuna.com\/index.php\/aviso-legal\/","title":{"rendered":"Aviso legal"},"content":{"rendered":"\r\n<h2 class=\"wp-block-heading\">Aviso Legal<\/h2>\r\n<h3>Informaci\u00f3n del Titular del Sitio Web<\/h3>\r\n<p>EL PROPIETARIO DE LA WEB, en cumplimiento de la Ley 34\/2002, de 11 de julio, de Servicios de la Sociedad de la Informaci\u00f3n y de Comercio Electr\u00f3nico, le informa de que:<\/p>\r\n<ul>\r\n<li><strong>Titular:<\/strong>\u00a0S.C.D.R. ANAITASUNA<\/li>\r\n<li><strong>Denominaci\u00f3n comercial:<\/strong>\u00a0ANAITASUNA.<\/li>\r\n<li><strong>NIF :<\/strong>\u00a0G31057961<\/li>\r\n<li><strong>Tel\u00e9fono:<\/strong>\u00a0948 25 49 00<\/li>\r\n<li><strong>Direcci\u00f3n:<\/strong>\u00a0C\/ Doctor L\u00f3pez Sanz, 2. 31011 Pamplona (Navarra)<\/li>\r\n<li>Datos Registrales de la Empresa:<\/li>\r\n<\/ul>\r\n<h3>Condiciones de Uso<\/h3>\r\n<p>El acceso y uso de este sitio web (<a href=\"https:\/\/torneobalonmanoanaitasuna.com\/\" target=\"_new\" rel=\"noopener\">https:\/\/torneobalonmanoanaitasuna.com<\/a>) est\u00e1n sujetos a las siguientes condiciones:<\/p>\r\n<ol>\r\n<li>\r\n<p><strong>Aceptaci\u00f3n de Condiciones:<\/strong> Al acceder y utilizar este sitio web, aceptas cumplir con estos t\u00e9rminos y condiciones de uso.<\/p>\r\n<\/li>\r\n<li>\r\n<p><strong>Propiedad Intelectual:<\/strong> Todos los derechos de propiedad intelectual del contenido de este sitio web, incluyendo textos, gr\u00e1ficos, logotipos, im\u00e1genes y software, son propiedad del Torneo de Balonmano de Anaitasuna o de sus proveedores de contenido, y est\u00e1n protegidos por las leyes de propiedad intelectual aplicables.<\/p>\r\n<\/li>\r\n<li>\r\n<p><strong>Uso Permitido:<\/strong> Puedes acceder, ver y descargar el contenido de este sitio web para uso personal y no comercial. No tienes permitido modificar, copiar, distribuir, transmitir, exhibir, ejecutar, reproducir, publicar, otorgar licencias, crear trabajos derivados, transferir o vender cualquier informaci\u00f3n, software, productos o servicios obtenidos de este sitio web.<\/p>\r\n<\/li>\r\n<li>\r\n<p><strong>Enlaces a Terceros:<\/strong> Este sitio web puede contener enlaces a sitios web de terceros. Estos enlaces se proporcionan solo para tu conveniencia. No tenemos control sobre el contenido de estos sitios web de terceros y no nos hacemos responsables de su contenido ni de las pol\u00edticas de privacidad.<\/p>\r\n<\/li>\r\n<li>\r\n<p><strong>Limitaci\u00f3n de Responsabilidad:<\/strong> El Torneo de Balonmano de Anaitasuna no ser\u00e1 responsable de cualquier da\u00f1o directo, indirecto, incidental, especial o consecuente que surja del uso o la imposibilidad de uso de este sitio web.<\/p>\r\n<\/li>\r\n<li>\r\n<p><strong>Modificaciones:<\/strong> Nos reservamos el derecho de modificar, suspender o discontinuar cualquier aspecto de este sitio web en cualquier momento y sin previo aviso.<\/p>\r\n<\/li>\r\n<li><strong>Plugins o complementos de redes sociales<\/strong>.<br \/>\u00a0El presente Sitio Web integra plugins o complementos de redes sociales tales como Facebook, Twitter, Linkedin, Instagram y You Tube, respecto a dichos plugins, el usuario del sitio web deber\u00e1 tener en cuenta lo siguiente:\r\n<p>Si est\u00e1 registrado como usuario en la red social y al visitar el Sitio Web tiene la sesi\u00f3n abierta en cualquiera de estas redes sociales, al hacer \u00abclick\u00bb en sus plugins, la red social recibir\u00e1 la informaci\u00f3n que le indica que ha visitado el Sitio. Adem\u00e1s proporcionar\u00e1 informaci\u00f3n sobre su perfil de usuario en esa red social (nombre, email, foto, etc.).<\/p>\r\n<p>Si no est\u00e1 registrado en la red social, o no tiene la sesi\u00f3n abierta mientras visita el Sitio Web puede ser que la red social reciba y almacene al menos su direcci\u00f3n IP.<\/p>\r\n<p>Si no desea que una red social recopile los datos personales aqu\u00ed detallados, ni que los comparta con nosotros ni con terceros, consulte la pol\u00edtica de privacidad de la red social correspondiente y cierre sesi\u00f3n en la misma antes de visitar el Sitio Web. Tambi\u00e9n podr\u00e1 eliminar las cookies existentes que haya instalado la red social en su ordenador usando las funciones de su navegador.<\/p>\r\n<\/li>\r\n<\/ol>\r\n<h3>Contacto<\/h3>\r\n<p>Si tienes preguntas sobre este aviso legal, por favor cont\u00e1ctanos a trav\u00e9s de balonamno@anaitasuna.com o el tel\u00e9fono 948 25 49 00<\/p>\r\n<p>Fecha de \u00faltima actualizaci\u00f3n: 5-11-2023<\/p>\r\n","protected":false},"excerpt":{"rendered":"<p>Aviso Legal Informaci\u00f3n del Titular del Sitio Web EL PROPIETARIO [&hellip;]<\/p>\n","protected":false},"author":1,"featured_media":0,"parent":0,"menu_order":0,"comment_status":"closed","ping_status":"open","template":"","meta":{"footnotes":""},"class_list":["post-346","page","type-page","status-publish","hentry"],"_links":{"self":[{"href":"https:\/\/torneobalonmanoanaitasuna.com\/index.php\/wp-json\/wp\/v2\/pages\/346","targetHints":{"allow":["GET"]}}],"collection":[{"href":"https:\/\/torneobalonmanoanaitasuna.com\/index.php\/wp-json\/wp\/v2\/pages"}],"about":[{"href":"https:\/\/torneobalonmanoanaitasuna.com\/index.php\/wp-json\/wp\/v2\/types\/page"}],"author":[{"embeddable":true,"href":"https:\/\/torneobalonmanoanaitasuna.com\/index.php\/wp-json\/wp\/v2\/users\/1"}],"replies":[{"embeddable":true,"href":"https:\/\/torneobalonmanoanaitasuna.com\/index.php\/wp-json\/wp\/v2\/comments?post=346"}],"version-history":[{"count":3,"href":"https:\/\/torneobalonmanoanaitasuna.com\/index.php\/wp-json\/wp\/v2\/pages\/346\/revisions"}],"predecessor-version":[{"id":352,"href":"https:\/\/torneobalonmanoanaitasuna.com\/index.php\/wp-json\/wp\/v2\/pages\/346\/revisions\/352"}],"wp:attachment":[{"href":"https:\/\/torneobalonmanoanaitasuna.com\/index.php\/wp-json\/wp\/v2\/media?parent=346"}],"curies":[{"name":"wp","href":"https:\/\/api.w.org\/{rel}","templated":true}]}}